16 and 8909.
151
Calculate the highest common divisor of 153 and 43384.
17
Calculate the highest common factor of 184 and 1437316.
92
Calculate the greatest common divisor of 1198204 and 42.
14
What is the highest common divisor of 933776 and 952?
136
What is the highest common divisor of 367 and 1213669?
367
Calculate the highest common divisor of 19723 and 6194.
163
Calculate the greatest common factor of 12 and 27012.
12
Calculate the greatest common factor of 774568 and 48.
8
Calculate the greatest common factor of 6618 and 2790590.
2206
What is the greatest common divisor of 13770 and 14?
2
What is the highest common divisor of 66867 and 155?
31
What is the highest common factor of 428 and 87954?
214
Calculate the greatest common factor of 164 and 10444.
4
Calculate the highest common divisor of 1019235 and 30.
15
What is the greatest common divisor of 54778 and 1098?
122
Calculate the greatest common divisor of 1312 and 3239.
41
What is the highest common factor of 488640 and 384?
192
What is the highest common divisor of 697 and 1095028?
41
What is the greatest common factor of 16766 and 2158?
166
What is the highest common factor of 426 and 104754?
6
What is the highest common factor of 5858 and 245026?
202
Calculate the highest common factor of 11462 and 1034.
22
What is the highest common divisor of 864 and 2976?
96
Calculate the greatest common divisor of 1503 and 73981.
167
What is the greatest common factor of 108285 and 15?
15
What is the greatest common divisor of 1497892 and 220?
44
What is the highest common divisor of 273552 and 6?
6
What is the highest common divisor of 425 and 1825?
25
What is the highest common divisor of 640626 and 3822?
294
What is the highest common factor of 26 and 237510?
26
Calculate the highest common divisor of 2537639 and 13.
13
Calculate the greatest common factor of 365 and 785.
5
Calculate the greatest common factor of 92 and 278852.
92
What is the greatest common divisor of 1229003 and 993?
331
What is the highest common factor of 1354905 and 225?
45
Calculate the greatest common factor of 6528 and 9384.
408
Calculate the highest common factor of 1881 and 787149.
99
What is the highest common divisor of 199881 and 9?
9
What is the highest common divisor of 63465 and 555?
15
Calculate the greatest common divisor of 183566 and 34.
34
Calculate the highest common divisor of 121 and 20779.
11
Calculate the greatest common factor of 1147 and 57567.
31
What is the highest common factor of 71 and 236927?
71
Calculate the greatest common factor of 224 and 32464.
16
What is the greatest common factor of 112 and 450128?
112
Calculate the greatest common divisor of 33700 and 1100.
100
Calculate the greatest common factor of 8456 and 3668.
28
Calculate the greatest common divisor of 664089 and 6115.
1223
Calculate the greatest common divisor of 252 and 19026.
126
What is the greatest common factor of 4 and 38884?
4
What is the greatest common factor of 1360 and 10244?
4
Calculate the greatest common divisor of 900 and 6498300.
300
Calculate the greatest common factor of 88 and 130.
2
What is the greatest common factor of 5376 and 140?
28
Calculate the greatest common divisor of 835583 and 553.
553
Calculate the greatest common factor of 125280 and 10.
10
What is the highest common divisor of 211739 and 33?
11
Calculate the highest common divisor of 1018304 and 448.
448
What is the greatest common divisor of 14 and 814?
2
Calculate the greatest common factor of 3535 and 12120.
505
Calculate the greatest common factor of 26370 and 2.
2
What is the greatest common divisor of 156 and 43459?
13
What is the greatest common factor of 316 and 271286?
158
What is the greatest common divisor of 108 and 200610?
54
What is the highest common divisor of 24244 and 1628?
44
What is the greatest common factor of 50745 and 255?
255
What is the greatest common factor of 50182 and 44?
22
What is the greatest common divisor of 3729 and 275?
11
Calculate the highest common factor of 10 and 7426850.
10
What is the greatest common divisor of 395325 and 7875?
1575
What is the greatest common divisor of 162 and 8601309?
81
Calculate the highest common factor of 16 and 864992.
16
What is the greatest common divisor of 36 and 1128420?
36
What is the greatest common factor of 1577856 and 252?
84
Calculate the greatest common divisor of 90 and 61425.
45
Calculate the greatest common divisor of 284319 and 126.
63
Calculate the greatest common divisor of 935 and 4233.
17
Calculate the greatest common factor of 969465 and 3675.
735
Calculate the highest common divisor of 363024 and 96.
48
Calculate the greatest common factor of 4 and 497.
1
Calculate the greatest common factor of 2413116 and 612.
612
Calculate the greatest common factor of 30565 and 120.
5
Calculate the highest common factor of 3765 and 1973613.
753
What is the highest common factor of 9111760 and 1060?
1060
Calculate the highest common divisor of 22 and 118305.
11
What is the highest common factor of 3192 and 40?
8
Calculate the greatest common divisor of 17845 and 5547.
43
What is the highest common divisor of 510950 and 250?
50
Calculate the highest common factor of 201942 and 18.
18
Calculate the highest common divisor of 12 and 4965300.
12
Calculate the highest common factor of 1022 and 7854.
14
What is the highest common factor of 165360 and 795?
795
Calculate the highest common factor of 3634834 and 14.
14
What is the highest common divisor of 143 and 292732?
11
Calculate the greatest common factor of 833 and 155820.
49
What is the highest common divisor of 15011 and 731?
17
Calculate the greatest common factor of 132 and 88836.
132
Calculate the greatest common divisor of 124 and 1613302.
62
What is the highest common divisor of 30 and 88875?
15
Calculate the greatest common divisor of 12 and 245444.
4
What is the greatest common factor of 455882 and 14?
14
What is the greatest common divisor of 12780 and 104?
4
Calculate the greatest common factor of 4114 and 902.
22
Calculate the greatest common divisor of 252167 and 1641.
547
What is the highest common divisor of 1824 and 8616?
24
Calculate the highest common divisor of 136 and 1067260.
68
Calculate the greatest common factor of 82806 and 114.
6
What is the highest common divisor of 1882 and 76?
2
What is the highest common divisor of 18317 and 1734479?
1409
What is the highest common factor of 44675 and 50?
25
What is the highest common factor of 4884 and 396?
132
What is the highest common divisor of 9404 and 64?
4
Calculate the greatest common factor of 1196929 and 790.
79
What is the greatest common divisor of 6187 and 2152?
269
What is the greatest common factor of 4212 and 8?
4
Calculate the greatest common factor of 13 and 253903.
13
Calculate the highest common divisor of 225115 and 14.
1
What is the greatest common factor of 26565 and 30?
15
Calculate the greatest common divisor of 259 and 856513.
259
Calculate the highest common factor of 924650 and 150.
50
What is the highest common divisor of 202300 and 476?
476
Calculate the greatest common divisor of 82 and 140835.
41
What is the highest common divisor of 13 and 438841?
13
Calculate the highest common divisor of 235 and 21.
1
What is the highest common divisor of 5760 and 5696?
64
What is the highest common factor of 1085 and 5735?
155
Calculate the highest common factor of 5773 and 26857.
251
Calculate the highest common factor of 95 and 58615.
95
What is the greatest common divisor of 1643 and 64?
1
What is the greatest common factor of 47827 and 169?
169
Calculate the highest common factor of 34771 and 17226.
319
What is the highest common factor of 3206 and 56?
14
What is the greatest common factor of 549 and 3627?
9
Calculate the greatest common factor of 1258 and 5661.
629
Calculate the greatest common factor of 773 and 7494235.
773
What is the highest common factor of 12 and 36480?
12
Calculate the greatest common factor of 74115 and 225.
45
Calculate the greatest common divisor of 567 and 21357.
189
What is the highest common factor of 24384 and 2688?
192
What is the highest common divisor of 54929 and 627?
19
What is the greatest common divisor of 660 and 148020?
60
What is the highest common divisor of 128 and 25088?
128
What is t